{"id":1318,"date":"2025-04-07T09:20:36","date_gmt":"2025-04-07T07:20:36","guid":{"rendered":"https:\/\/gajskiguitars.com\/home-2\/"},"modified":"2025-06-06T16:09:41","modified_gmt":"2025-06-06T14:09:41","slug":"home_hr","status":"publish","type":"page","link":"https:\/\/gajskiguitars.com\/home\/","title":{"rendered":"Home_HR"},"content":{"rendered":"\t\t<div data-elementor-type=\"wp-page\" data-elementor-id=\"1318\" class=\"elementor elementor-1318\">\n\t\t\t\t<div class=\"elementor-element elementor-element-2e2ad8d e-flex e-con-boxed e-con e-parent\" data-id=\"2e2ad8d\" data-element_type=\"container\" data-e-type=\"container\" data-settings=\"{&quot;background_background&quot;:&quot;classic&quot;}\">\n\t\t\t\t\t<div class=\"e-con-inner\">\n\t\t<div class=\"elementor-element elementor-element-ce96005 e-con-full e-flex e-con e-child\" data-id=\"ce96005\" data-element_type=\"container\" data-e-type=\"container\">\n\t\t\t\t<\/div>\n\t\t<div class=\"elementor-element elementor-element-2ac5399 e-con-full animated-slow e-flex elementor-invisible e-con e-child\" data-id=\"2ac5399\" data-element_type=\"container\" data-e-type=\"container\" data-settings=\"{&quot;animation&quot;:&quot;fadeInUp&quot;}\">\n\t\t\t\t<div class=\"elementor-element elementor-element-1b6b75e elementor-widget elementor-widget-heading\" data-id=\"1b6b75e\" data-element_type=\"widget\" data-e-type=\"widget\" data-widget_type=\"heading.default\">\n\t\t\t\t<div class=\"elementor-widget-container\">\n\t\t\t\t\t<h1 class=\"elementor-heading-title elementor-size-default\">gitare<\/h1>\t\t\t\t<\/div>\n\t\t\t\t<\/div>\n\t\t\t\t<div class=\"elementor-element elementor-element-16e9df5 elementor-widget elementor-widget-heading\" data-id=\"16e9df5\" data-element_type=\"widget\" data-e-type=\"widget\" data-widget_type=\"heading.default\">\n\t\t\t\t<div class=\"elementor-widget-container\">\n\t\t\t\t\t<h2 class=\"elementor-heading-title elementor-size-default\">Gajski<\/h2>\t\t\t\t<\/div>\n\t\t\t\t<\/div>\n\t\t\t\t<\/div>\n\t\t\t\t\t<\/div>\n\t\t\t\t<\/div>\n\t\t<div class=\"elementor-element elementor-element-96bd614 e-flex e-con-boxed e-con e-parent\" data-id=\"96bd614\" data-element_type=\"container\" data-e-type=\"container\">\n\t\t\t\t\t<div class=\"e-con-inner\">\n\t\t<div class=\"elementor-element elementor-element-f6f7e27 e-con-full e-flex e-con e-child\" data-id=\"f6f7e27\" data-element_type=\"container\" data-e-type=\"container\">\n\t\t\t\t<div class=\"elementor-element elementor-element-d16f5b6 elementor-widget elementor-widget-heading\" data-id=\"d16f5b6\" data-element_type=\"widget\" data-e-type=\"widget\" data-widget_type=\"heading.default\">\n\t\t\t\t<div class=\"elementor-widget-container\">\n\t\t\t\t\t<h2 class=\"elementor-heading-title elementor-size-default\">U radionici<\/h2>\t\t\t\t<\/div>\n\t\t\t\t<\/div>\n\t\t<div class=\"elementor-element elementor-element-a306a4a e-flex e-con-boxed e-con e-child\" data-id=\"a306a4a\" data-element_type=\"container\" data-e-type=\"container\" data-settings=\"{&quot;animation&quot;:&quot;none&quot;}\">\n\t\t\t\t\t<div class=\"e-con-inner\">\n\t\t<div class=\"elementor-element elementor-element-5822dc4 e-con-full e-flex e-con e-child\" data-id=\"5822dc4\" data-element_type=\"container\" data-e-type=\"container\" data-settings=\"{&quot;animation&quot;:&quot;none&quot;}\">\n\t\t\t\t<div class=\"elementor-element elementor-element-66dde07 elementor-widget elementor-widget-image\" data-id=\"66dde07\" data-element_type=\"widget\" data-e-type=\"widget\" data-widget_type=\"image.default\">\n\t\t\t\t<div class=\"elementor-widget-container\">\n\t\t\t\t\t\t\t\t\t\t\t\t\t\t\t<img fetchpriority=\"high\" decoding=\"async\" width=\"225\" height=\"300\" src=\"https:\/\/gajskiguitars.com\/wp-content\/uploads\/2025\/04\/20241126_150042-225x300.jpg\" class=\"attachment-medium size-medium wp-image-18\" alt=\"\" srcset=\"https:\/\/gajskiguitars.com\/wp-content\/uploads\/2025\/04\/20241126_150042-225x300.jpg 225w, https:\/\/gajskiguitars.com\/wp-content\/uploads\/2025\/04\/20241126_150042-scaled-600x800.jpg 600w, https:\/\/gajskiguitars.com\/wp-content\/uploads\/2025\/04\/20241126_150042-768x1024.jpg 768w, https:\/\/gajskiguitars.com\/wp-content\/uploads\/2025\/04\/20241126_150042-1152x1536.jpg 1152w, https:\/\/gajskiguitars.com\/wp-content\/uploads\/2025\/04\/20241126_150042-1536x2048.jpg 1536w, https:\/\/gajskiguitars.com\/wp-content\/uploads\/2025\/04\/20241126_150042-scaled.jpg 1920w\" sizes=\"(max-width: 225px) 100vw, 225px\" \/>\t\t\t\t\t\t\t\t\t\t\t\t\t\t\t<\/div>\n\t\t\t\t<\/div>\n\t\t<div class=\"elementor-element elementor-element-9ec203e e-con-full e-flex e-con e-child\" data-id=\"9ec203e\" data-element_type=\"container\" data-e-type=\"container\">\n\t\t\t\t<div class=\"elementor-element elementor-element-66d0917 elementor-widget__width-inherit elementor-widget-mobile__width-inherit elementor-widget elementor-widget-image-box\" data-id=\"66d0917\" data-element_type=\"widget\" data-e-type=\"widget\" data-widget_type=\"image-box.default\">\n\t\t\t\t<div class=\"elementor-widget-container\">\n\t\t\t\t\t<div class=\"elementor-image-box-wrapper\"><div class=\"elementor-image-box-content\"><h3 class=\"elementor-image-box-title\">Lijepljenje sa\u0107a od kevlara<\/h3><p class=\"elementor-image-box-description\">Kod instrumenata s dvostrukom glasnja\u010dom izme\u0111u dvije glasnja\u010de od smreke debljine 0.5mm, ume\u0107e se \u0161upljikava plo\u0107a od kevlara,  balze ili cedra. Lijepljenje se provodi u vakuum vre\u0107i.<\/p><\/div><\/div>\t\t\t\t<\/div>\n\t\t\t\t<\/div>\n\t\t\t\t<\/div>\n\t\t\t\t<\/div>\n\t\t<div class=\"elementor-element elementor-element-39b81fb e-con-full e-flex e-con e-child\" data-id=\"39b81fb\" data-element_type=\"container\" data-e-type=\"container\" data-settings=\"{&quot;animation&quot;:&quot;none&quot;}\">\n\t\t\t\t<div class=\"elementor-element elementor-element-85cc8cf elementor-widget elementor-widget-image\" data-id=\"85cc8cf\" data-element_type=\"widget\" data-e-type=\"widget\" data-widget_type=\"image.default\">\n\t\t\t\t<div class=\"elementor-widget-container\">\n\t\t\t\t\t\t\t\t\t\t\t\t\t\t\t<img decoding=\"async\" width=\"225\" height=\"300\" src=\"https:\/\/gajskiguitars.com\/wp-content\/uploads\/2025\/04\/20241126_222652-225x300.jpg\" class=\"attachment-medium size-medium wp-image-16\" alt=\"\" srcset=\"https:\/\/gajskiguitars.com\/wp-content\/uploads\/2025\/04\/20241126_222652-225x300.jpg 225w, https:\/\/gajskiguitars.com\/wp-content\/uploads\/2025\/04\/20241126_222652-scaled-600x800.jpg 600w, https:\/\/gajskiguitars.com\/wp-content\/uploads\/2025\/04\/20241126_222652-768x1024.jpg 768w, https:\/\/gajskiguitars.com\/wp-content\/uploads\/2025\/04\/20241126_222652-1152x1536.jpg 1152w, https:\/\/gajskiguitars.com\/wp-content\/uploads\/2025\/04\/20241126_222652-1536x2048.jpg 1536w, https:\/\/gajskiguitars.com\/wp-content\/uploads\/2025\/04\/20241126_222652-scaled.jpg 1920w\" sizes=\"(max-width: 225px) 100vw, 225px\" \/>\t\t\t\t\t\t\t\t\t\t\t\t\t\t\t<\/div>\n\t\t\t\t<\/div>\n\t\t<div class=\"elementor-element elementor-element-316c1a2 e-con-full e-flex e-con e-child\" data-id=\"316c1a2\" data-element_type=\"container\" data-e-type=\"container\">\n\t\t\t\t<div class=\"elementor-element elementor-element-90cb059 elementor-widget__width-inherit elementor-widget-mobile__width-inherit elementor-widget elementor-widget-image-box\" data-id=\"90cb059\" data-element_type=\"widget\" data-e-type=\"widget\" data-widget_type=\"image-box.default\">\n\t\t\t\t<div class=\"elementor-widget-container\">\n\t\t\t\t\t<div class=\"elementor-image-box-wrapper\"><div class=\"elementor-image-box-content\"><h3 class=\"elementor-image-box-title\">Zalijepljeno sa\u0107e na glasnja\u010di<\/h3><p class=\"elementor-image-box-description\">Ukupna debljina jedne glasnja\u010de i sa\u0107a je oko 1.8mm, \u0161to se posti\u017ee stanjivanjem strane na kojoj je zalijepljen kevlar, na brusnom valjku.  <\/p><\/div><\/div>\t\t\t\t<\/div>\n\t\t\t\t<\/div>\n\t\t\t\t<\/div>\n\t\t\t\t<\/div>\n\t\t<div class=\"elementor-element elementor-element-db379a5 e-con-full e-flex e-con e-child\" data-id=\"db379a5\" data-element_type=\"container\" data-e-type=\"container\" data-settings=\"{&quot;animation&quot;:&quot;none&quot;}\">\n\t\t\t\t<div class=\"elementor-element elementor-element-ece35b4 elementor-widget elementor-widget-image\" data-id=\"ece35b4\" data-element_type=\"widget\" data-e-type=\"widget\" data-widget_type=\"image.default\">\n\t\t\t\t<div class=\"elementor-widget-container\">\n\t\t\t\t\t\t\t\t\t\t\t\t\t\t\t<img decoding=\"async\" width=\"225\" height=\"300\" src=\"https:\/\/gajskiguitars.com\/wp-content\/uploads\/2025\/04\/20241125_183113-225x300.jpg\" class=\"attachment-medium size-medium wp-image-17\" alt=\"\" srcset=\"https:\/\/gajskiguitars.com\/wp-content\/uploads\/2025\/04\/20241125_183113-225x300.jpg 225w, https:\/\/gajskiguitars.com\/wp-content\/uploads\/2025\/04\/20241125_183113-scaled-600x800.jpg 600w, https:\/\/gajskiguitars.com\/wp-content\/uploads\/2025\/04\/20241125_183113-768x1024.jpg 768w, https:\/\/gajskiguitars.com\/wp-content\/uploads\/2025\/04\/20241125_183113-1152x1536.jpg 1152w, https:\/\/gajskiguitars.com\/wp-content\/uploads\/2025\/04\/20241125_183113-1536x2048.jpg 1536w, https:\/\/gajskiguitars.com\/wp-content\/uploads\/2025\/04\/20241125_183113-scaled.jpg 1920w\" sizes=\"(max-width: 225px) 100vw, 225px\" \/>\t\t\t\t\t\t\t\t\t\t\t\t\t\t\t<\/div>\n\t\t\t\t<\/div>\n\t\t<div class=\"elementor-element elementor-element-f36fc9d e-con-full e-flex e-con e-child\" data-id=\"f36fc9d\" data-element_type=\"container\" data-e-type=\"container\">\n\t\t\t\t<div class=\"elementor-element elementor-element-a9f0e53 elementor-widget__width-inherit elementor-widget-mobile__width-inherit elementor-widget elementor-widget-image-box\" data-id=\"a9f0e53\" data-element_type=\"widget\" data-e-type=\"widget\" data-widget_type=\"image-box.default\">\n\t\t\t\t<div class=\"elementor-widget-container\">\n\t\t\t\t\t<div class=\"elementor-image-box-wrapper\"><div class=\"elementor-image-box-content\"><h3 class=\"elementor-image-box-title\">Struktura pod svjetlom<\/h3><p class=\"elementor-image-box-description\">Zalijepljena glasnja\u010da i sa\u0107e od kevlara. Na postoje\u0107u strukturu, sa strane svjetla, lijepi se jo\u0161 jedana plo\u010da debljine cca 0,5mm.  <\/p><\/div><\/div>\t\t\t\t<\/div>\n\t\t\t\t<\/div>\n\t\t\t\t<\/div>\n\t\t\t\t<\/div>\n\t\t\t\t\t<\/div>\n\t\t\t\t<\/div>\n\t\t\t\t<\/div>\n\t\t\t\t\t<\/div>\n\t\t\t\t<\/div>\n\t\t<div class=\"elementor-element elementor-element-eef07f1 e-flex e-con-boxed e-con e-parent\" data-id=\"eef07f1\" data-element_type=\"container\" data-e-type=\"container\" data-settings=\"{&quot;background_background&quot;:&quot;classic&quot;}\">\n\t\t\t\t\t<div class=\"e-con-inner\">\n\t\t<div class=\"elementor-element elementor-element-2969cd2 e-con-full e-flex e-con e-child\" data-id=\"2969cd2\" data-element_type=\"container\" data-e-type=\"container\">\n\t\t\t\t<div class=\"elementor-element elementor-element-e609acf elementor-widget elementor-widget-heading\" data-id=\"e609acf\" data-element_type=\"widget\" data-e-type=\"widget\" data-widget_type=\"heading.default\">\n\t\t\t\t<div class=\"elementor-widget-container\">\n\t\t\t\t\t<h3 class=\"elementor-heading-title elementor-size-default\">Unutra\u0161njost gitare<\/h3>\t\t\t\t<\/div>\n\t\t\t\t<\/div>\n\t\t\t\t<div class=\"elementor-element elementor-element-dd8e62b elementor-widget elementor-widget-text-editor\" data-id=\"dd8e62b\" data-element_type=\"widget\" data-e-type=\"widget\" data-widget_type=\"text-editor.default\">\n\t\t\t\t<div class=\"elementor-widget-container\">\n\t\t\t\t\t\t\t\t\t<p>Za bolje iskori\u0161tenje vibracija glasnja\u010de napravljena su kruta le\u0111a i dvostruke stranice s okvirima od laminiranih furnira. \u200b<\/p>\t\t\t\t\t\t\t\t<\/div>\n\t\t\t\t<\/div>\n\t\t<div class=\"elementor-element elementor-element-0f6f4d6 e-con-full e-flex e-con e-child\" data-id=\"0f6f4d6\" data-element_type=\"container\" data-e-type=\"container\">\n\t\t<div class=\"elementor-element elementor-element-96d6778 e-grid e-con-full e-con e-child\" data-id=\"96d6778\" data-element_type=\"container\" data-e-type=\"container\">\n\t\t\t\t<div class=\"elementor-element elementor-element-e75c2da elementor-widget elementor-widget-image\" data-id=\"e75c2da\" data-element_type=\"widget\" data-e-type=\"widget\" data-widget_type=\"image.default\">\n\t\t\t\t<div class=\"elementor-widget-container\">\n\t\t\t\t\t\t\t\t\t\t\t\t\t\t\t<img loading=\"lazy\" decoding=\"async\" width=\"768\" height=\"1024\" src=\"https:\/\/gajskiguitars.com\/wp-content\/uploads\/2025\/04\/20240527_105528-768x1024.jpg\" class=\"attachment-medium_large size-medium_large wp-image-1648\" alt=\"\" srcset=\"https:\/\/gajskiguitars.com\/wp-content\/uploads\/2025\/04\/20240527_105528-768x1024.jpg 768w, https:\/\/gajskiguitars.com\/wp-content\/uploads\/2025\/04\/20240527_105528-225x300.jpg 225w, https:\/\/gajskiguitars.com\/wp-content\/uploads\/2025\/04\/20240527_105528-1152x1536.jpg 1152w, https:\/\/gajskiguitars.com\/wp-content\/uploads\/2025\/04\/20240527_105528-1536x2048.jpg 1536w, https:\/\/gajskiguitars.com\/wp-content\/uploads\/2025\/04\/20240527_105528-600x800.jpg 600w, https:\/\/gajskiguitars.com\/wp-content\/uploads\/2025\/04\/20240527_105528-scaled.jpg 1920w\" sizes=\"(max-width: 768px) 100vw, 768px\" \/>\t\t\t\t\t\t\t\t\t\t\t\t\t\t\t<\/div>\n\t\t\t\t<\/div>\n\t\t\t\t<div class=\"elementor-element elementor-element-d47aa02 elementor-widget elementor-widget-image\" data-id=\"d47aa02\" data-element_type=\"widget\" data-e-type=\"widget\" data-widget_type=\"image.default\">\n\t\t\t\t<div class=\"elementor-widget-container\">\n\t\t\t\t\t\t\t\t\t\t\t\t\t\t\t<img loading=\"lazy\" decoding=\"async\" width=\"768\" height=\"1024\" src=\"https:\/\/gajskiguitars.com\/wp-content\/uploads\/2025\/04\/G1_3-768x1024.jpg\" class=\"attachment-large size-large wp-image-15\" alt=\"\" srcset=\"https:\/\/gajskiguitars.com\/wp-content\/uploads\/2025\/04\/G1_3-768x1024.jpg 768w, https:\/\/gajskiguitars.com\/wp-content\/uploads\/2025\/04\/G1_3-scaled-600x800.jpg 600w, https:\/\/gajskiguitars.com\/wp-content\/uploads\/2025\/04\/G1_3-225x300.jpg 225w, https:\/\/gajskiguitars.com\/wp-content\/uploads\/2025\/04\/G1_3-1152x1536.jpg 1152w, https:\/\/gajskiguitars.com\/wp-content\/uploads\/2025\/04\/G1_3-1536x2048.jpg 1536w, https:\/\/gajskiguitars.com\/wp-content\/uploads\/2025\/04\/G1_3-scaled.jpg 1920w\" sizes=\"(max-width: 768px) 100vw, 768px\" \/>\t\t\t\t\t\t\t\t\t\t\t\t\t\t\t<\/div>\n\t\t\t\t<\/div>\n\t\t\t\t<\/div>\n\t\t\t\t<\/div>\n\t\t\t\t<\/div>\n\t\t\t\t\t<\/div>\n\t\t\t\t<\/div>\n\t\t<div class=\"elementor-element elementor-element-d7e773d e-flex e-con-boxed e-con e-parent\" data-id=\"d7e773d\" data-element_type=\"container\" data-e-type=\"container\">\n\t\t\t\t\t<div class=\"e-con-inner\">\n\t\t<div class=\"elementor-element elementor-element-85e472a e-con-full e-flex e-con e-child\" data-id=\"85e472a\" data-element_type=\"container\" data-e-type=\"container\">\n\t\t<div class=\"elementor-element elementor-element-e6c53bd e-flex e-con-boxed e-con e-child\" data-id=\"e6c53bd\" data-element_type=\"container\" data-e-type=\"container\" data-settings=\"{&quot;animation&quot;:&quot;none&quot;}\">\n\t\t\t\t\t<div class=\"e-con-inner\">\n\t\t<div class=\"elementor-element elementor-element-e53c7f1 e-con-full e-flex e-con e-child\" data-id=\"e53c7f1\" data-element_type=\"container\" data-e-type=\"container\" data-settings=\"{&quot;animation&quot;:&quot;none&quot;}\">\n\t\t<div class=\"elementor-element elementor-element-f4a917e e-con-full e-flex e-con e-child\" data-id=\"f4a917e\" data-element_type=\"container\" data-e-type=\"container\">\n\t\t\t\t<div class=\"elementor-element elementor-element-5b4abe9 elementor-widget__width-inherit elementor-widget-mobile__width-inherit elementor-widget elementor-widget-image-box\" data-id=\"5b4abe9\" data-element_type=\"widget\" data-e-type=\"widget\" data-widget_type=\"image-box.default\">\n\t\t\t\t<div class=\"elementor-widget-container\">\n\t\t\t\t\t<div class=\"elementor-image-box-wrapper\"><div class=\"elementor-image-box-content\"><h3 class=\"elementor-image-box-title\">Materijali<\/h3><p class=\"elementor-image-box-description\">Nastojimo koristiti \u0161to vi\u0161e doma\u0107ih drva osobito, smreku, jelu, orah i javor. Ponosni smo na na\u0161e glasnja\u010de od smreke iz Gorskog kotara,\u00a0 U slu\u010daju \u017eelje naru\u010ditelja gradimo i s ostalim\u00a0 materijalima kao \u0161to su indijski palisander, cedar, mahagonij, Za hvataljke koristimo ebanovinu.\u00a0 Lakiramo \u0161elakom.<\/p><\/div><\/div>\t\t\t\t<\/div>\n\t\t\t\t<\/div>\n\t\t\t\t<\/div>\n\t\t\t\t<\/div>\n\t\t<div class=\"elementor-element elementor-element-d6b086f e-con-full e-flex e-con e-child\" data-id=\"d6b086f\" data-element_type=\"container\" data-e-type=\"container\" data-settings=\"{&quot;animation&quot;:&quot;none&quot;}\">\n\t\t<div class=\"elementor-element elementor-element-cdad949 e-con-full e-flex e-con e-child\" data-id=\"cdad949\" data-element_type=\"container\" data-e-type=\"container\">\n\t\t\t\t<div class=\"elementor-element elementor-element-57bfa95 elementor-widget elementor-widget-image\" data-id=\"57bfa95\" data-element_type=\"widget\" data-e-type=\"widget\" data-widget_type=\"image.default\">\n\t\t\t\t<div class=\"elementor-widget-container\">\n\t\t\t\t\t\t\t\t\t\t\t\t\t\t\t<img loading=\"lazy\" decoding=\"async\" width=\"1024\" height=\"614\" src=\"https:\/\/gajskiguitars.com\/wp-content\/uploads\/2025\/04\/Vrat_stranice2-1024x614.jpg\" class=\"attachment-large size-large wp-image-14\" alt=\"\" srcset=\"https:\/\/gajskiguitars.com\/wp-content\/uploads\/2025\/04\/Vrat_stranice2-1024x614.jpg 1024w, https:\/\/gajskiguitars.com\/wp-content\/uploads\/2025\/04\/Vrat_stranice2-600x360.jpg 600w, https:\/\/gajskiguitars.com\/wp-content\/uploads\/2025\/04\/Vrat_stranice2-300x180.jpg 300w, https:\/\/gajskiguitars.com\/wp-content\/uploads\/2025\/04\/Vrat_stranice2-768x461.jpg 768w, https:\/\/gajskiguitars.com\/wp-content\/uploads\/2025\/04\/Vrat_stranice2-1536x922.jpg 1536w, https:\/\/gajskiguitars.com\/wp-content\/uploads\/2025\/04\/Vrat_stranice2-2048x1229.jpg 2048w\" sizes=\"(max-width: 1024px) 100vw, 1024px\" \/>\t\t\t\t\t\t\t\t\t\t\t\t\t\t\t<\/div>\n\t\t\t\t<\/div>\n\t\t\t\t<\/div>\n\t\t\t\t<\/div>\n\t\t\t\t\t<\/div>\n\t\t\t\t<\/div>\n\t\t\t\t<\/div>\n\t\t\t\t\t<\/div>\n\t\t\t\t<\/div>\n\t\t\t\t<\/div>\n\t\t","protected":false},"excerpt":{"rendered":"<p>gitare Gajski U radionici Lijepljenje sa\u0107a od kevlara Kod instrumenata s dvostrukom glasnja\u010dom izme\u0111u dvije glasnja\u010de od smreke debljine 0.5mm, ume\u0107e se \u0161upljikava plo\u0107a od kevlara, balze ili cedra. Lijepljenje se provodi u vakuum vre\u0107i. Zalijepljeno sa\u0107e na glasnja\u010di Ukupna debljina jedne glasnja\u010de i sa\u0107a je oko 1.8mm, \u0161to se posti\u017ee stanjivanjem strane na kojoj [&hellip;]<\/p>\n","protected":false},"author":2,"featured_media":0,"parent":0,"menu_order":0,"comment_status":"closed","ping_status":"open","template":"","meta":{"site-sidebar-layout":"no-sidebar","site-content-layout":"page-builder","ast-site-content-layout":"full-width-container","site-content-style":"unboxed","site-sidebar-style":"unboxed","ast-global-header-display":"","ast-banner-title-visibility":"","ast-main-header-display":"","ast-hfb-above-header-display":"","ast-hfb-below-header-display":"","ast-hfb-mobile-header-display":"","site-post-title":"disabled","ast-breadcrumbs-content":"","ast-featured-img":"disabled","footer-sml-layout":"","ast-disable-related-posts":"","theme-transparent-header-meta":"enabled","adv-header-id-meta":"","stick-header-meta":"","header-above-stick-meta":"","header-main-stick-meta":"","header-below-stick-meta":"","astra-migrate-meta-layouts":"set","ast-page-background-enabled":"default","ast-page-background-meta":{"desktop":{"background-color":"var(--ast-global-color-4)","background-image":"","background-repeat":"repeat","background-position":"center center","background-size":"auto","background-attachment":"scroll","background-type":"","background-media":"","overlay-type":"","overlay-color":"","overlay-opacity":"","overlay-gradient":""},"tablet":{"background-color":"","background-image":"","background-repeat":"repeat","background-position":"center center","background-size":"auto","background-attachment":"scroll","background-type":"","background-media":"","overlay-type":"","overlay-color":"","overlay-opacity":"","overlay-gradient":""},"mobile":{"background-color":"","background-image":"","background-repeat":"repeat","background-position":"center center","background-size":"auto","background-attachment":"scroll","background-type":"","background-media":"","overlay-type":"","overlay-color":"","overlay-opacity":"","overlay-gradient":""}},"ast-content-background-meta":{"desktop":{"background-color":"var(--ast-global-color-5)","background-image":"","background-repeat":"repeat","background-position":"center center","background-size":"auto","background-attachment":"scroll","background-type":"","background-media":"","overlay-type":"","overlay-color":"","overlay-opacity":"","overlay-gradient":""},"tablet":{"background-color":"var(--ast-global-color-5)","background-image":"","background-repeat":"repeat","background-position":"center center","background-size":"auto","background-attachment":"scroll","background-type":"","background-media":"","overlay-type":"","overlay-color":"","overlay-opacity":"","overlay-gradient":""},"mobile":{"background-color":"var(--ast-global-color-5)","background-image":"","background-repeat":"repeat","background-position":"center center","background-size":"auto","background-attachment":"scroll","background-type":"","background-media":"","overlay-type":"","overlay-color":"","overlay-opacity":"","overlay-gradient":""}},"footnotes":""},"class_list":["post-1318","page","type-page","status-publish","hentry"],"_links":{"self":[{"href":"https:\/\/gajskiguitars.com\/home\/wp-json\/wp\/v2\/pages\/1318","targetHints":{"allow":["GET"]}}],"collection":[{"href":"https:\/\/gajskiguitars.com\/home\/wp-json\/wp\/v2\/pages"}],"about":[{"href":"https:\/\/gajskiguitars.com\/home\/wp-json\/wp\/v2\/types\/page"}],"author":[{"embeddable":true,"href":"https:\/\/gajskiguitars.com\/home\/wp-json\/wp\/v2\/users\/2"}],"replies":[{"embeddable":true,"href":"https:\/\/gajskiguitars.com\/home\/wp-json\/wp\/v2\/comments?post=1318"}],"version-history":[{"count":270,"href":"https:\/\/gajskiguitars.com\/home\/wp-json\/wp\/v2\/pages\/1318\/revisions"}],"predecessor-version":[{"id":2604,"href":"https:\/\/gajskiguitars.com\/home\/wp-json\/wp\/v2\/pages\/1318\/revisions\/2604"}],"wp:attachment":[{"href":"https:\/\/gajskiguitars.com\/home\/wp-json\/wp\/v2\/media?parent=1318"}],"curies":[{"name":"wp","href":"https:\/\/api.w.org\/{rel}","templated":true}]}}